and 72.
24
Calculate the greatest common divisor of 434 and 28.
14
What is the highest common divisor of 79 and 1?
1
Calculate the greatest common divisor of 30 and 4230.
30
What is the greatest common divisor of 15 and 520?
5
Calculate the highest common factor of 130 and 80.
10
Calculate the greatest common factor of 556 and 196.
4
What is the highest common factor of 4511 and 13?
13
Calculate the highest common factor of 17 and 51.
17
Calculate the highest common divisor of 150 and 66.
6
Calculate the highest common factor of 4719 and 195.
39
Calculate the greatest common divisor of 7 and 1099.
7
Calculate the highest common divisor of 19 and 19.
19
What is the highest common factor of 752 and 16?
16
What is the highest common divisor of 2170 and 14?
14
What is the highest common divisor of 429 and 2277?
33
Calculate the highest common factor of 23862 and 12.
6
What is the greatest common factor of 41 and 697?
41
Calculate the greatest common factor of 539 and 33.
11
Calculate the highest common factor of 310 and 1922.
62
What is the greatest common factor of 50820 and 420?
420
What is the highest common factor of 402 and 6?
6
What is the highest common factor of 1310 and 200?
10
What is the highest common divisor of 45 and 330?
15
What is the greatest common factor of 1387 and 3869?
73
Calculate the greatest common divisor of 232 and 261.
29
Calculate the highest common divisor of 273 and 189.
21
What is the highest common factor of 10 and 2?
2
Calculate the highest common divisor of 6086 and 170.
34
What is the greatest common factor of 3978 and 102?
102
What is the greatest common factor of 364 and 245?
7
Calculate the highest common divisor of 304 and 12692.
76
Calculate the highest common divisor of 94 and 470.
94
What is the highest common factor of 18 and 138?
6
Calculate the highest common divisor of 20 and 160.
20
What is the highest common factor of 336 and 224?
112
What is the greatest common factor of 40 and 820?
20
Calculate the highest common factor of 210 and 20.
10
What is the highest common divisor of 13 and 2171?
13
Calculate the highest common factor of 6834 and 34.
34
Calculate the greatest common divisor of 22513 and 94.
47
What is the greatest common factor of 856 and 8?
8
What is the highest common divisor of 28 and 756?
28
Calculate the highest common factor of 102 and 918.
102
What is the greatest common factor of 255 and 45?
15
What is the greatest common divisor of 987 and 47?
47
What is the greatest common factor of 4 and 19?
1
Calculate the highest common divisor of 17 and 1088.
17
Calculate the greatest common factor of 21 and 207.
3
Calculate the highest common divisor of 848 and 32.
16
What is the highest common divisor of 8 and 2792?
8
What is the highest common divisor of 50382 and 162?
162
Calculate the highest common factor of 17466 and 142.
142
What is the highest common divisor of 9 and 1959?
3
What is the greatest common factor of 150 and 65?
5
Calculate the greatest common factor of 8 and 4376.
8
Calculate the greatest common factor of 40 and 1490.
10
What is the greatest common divisor of 217 and 124?
31
Calculate the highest common divisor of 18 and 19863.
9
Calculate the greatest common divisor of 23 and 253.
23
Calculate the highest common factor of 92 and 782.
46
What is the highest common divisor of 210 and 21210?
210
Calculate the greatest common divisor of 100 and 2450.
50
Calculate the greatest common factor of 16 and 76.
4
Calculate the highest common divisor of 13368 and 32.
8
Calculate the greatest common divisor of 51 and 646.
17
Calculate the highest common divisor of 841 and 116.
29
What is the greatest common factor of 31421 and 26?
13
Calculate the highest common factor of 104 and 923.
13
What is the highest common divisor of 923 and 13?
13
What is the highest common divisor of 336 and 96?
48
Calculate the greatest common factor of 10 and 134.
2
What is the highest common factor of 1920 and 280?
40
What is the highest common divisor of 980 and 2660?
140
What is the greatest common divisor of 694 and 8?
2
Calculate the greatest common divisor of 858 and 1209.
39
What is the highest common divisor of 3237 and 39?
39
Calculate the greatest common factor of 638 and 880.
22
What is the greatest common divisor of 176 and 2332?
44
What is the highest common divisor of 1890 and 108?
54
What is the greatest common divisor of 76 and 19?
19
What is the highest common factor of 276 and 18?
6
Calculate the highest common factor of 6641 and 29.
29
What is the greatest common factor of 292 and 10877?
73
Calculate the greatest common factor of 258 and 688.
86
Calculate the highest common divisor of 198 and 126.
18
What is the highest common divisor of 12 and 324?
12
What is the greatest common factor of 143 and 5616?
13
What is the highest common divisor of 102 and 28662?
102
What is the greatest common factor of 35 and 490?
35
Calculate the greatest common divisor of 3915 and 90.
45
What is the highest common divisor of 222 and 1258?
74
What is the greatest common divisor of 1371 and 24?
3
What is the highest common divisor of 260 and 80?
20
Calculate the greatest common factor of 153 and 18.
9
What is the highest common factor of 52 and 1534?
26
Calculate the highest common factor of 37 and 74.
37
Calculate the greatest common divisor of 2 and 149.
1
Calculate the highest common divisor of 78 and 14.
2
Calculate the greatest common divisor of 18228 and 196.
196
What is the greatest common factor of 46 and 7452?
46
Calculate the greatest common factor of 20 and 2540.
20
What is the greatest common factor of 146 and 12994?
146
Calculate the highest common divisor of 664 and 2.
2
Calculate the highest common divisor of 172 and 3483.
43
What is the greatest common factor of 266 and 57?
19
What is the highest common divisor of 1 and 243?
1
What is the greatest common divisor of 135 and 960?
15
What is the greatest common divisor of 1197 and 133?
133
Calculate the highest common factor of 118 and 2.
2
Calculate the greatest common divisor of 90 and 63.
9
Calculate the highest common divisor of 168 and 3048.
24
What is the highest common divisor of 8673 and 59?
59
Calculate the greatest common divisor of 902 and 164.
82
What is the greatest common divisor of 46 and 575?
23
Calculate the greatest common divisor of 5476 and 296.
148
What is the greatest common factor of 4234 and 584?
146
Calculate the highest common factor of 387 and 43.
43
What is the highest common divisor of 135 and 595?
5
What is the greatest common factor of 1150 and 800?
50
What is the highest common factor of 36 and 48?
12
What is the greatest common factor of 22520 and 40?
40
Calculate the greatest common divisor of 5632 and 44.
44
What is the highest common factor of 126 and 14?
14
Calculate the greatest common factor of 8988 and 535.
107
Calculate the highest common divisor of 58 and 87.
29
Calculate the greatest common divisor of 13 and 91.
13
Calculate the highest common divisor of 374 and 408.
34
What is the highest common divisor of 2135 and 21?
7
Calculate the greatest common factor of 1089 and 33.
33
What is the highest common divisor of 224 and 1204?
28
What is the highest common divisor of 3 and 5631?
3
Calculate the highest common factor of 195 and 520.
65
Calculate the greatest common factor of 20 and 380.
20
What is the highest common factor of 48 and 30?
6
What is the highest common divisor of 966 and 2478?
42
Calculate the highest common factor of 36 and 3546.
18
Calculate the greatest common divisor of 347 and 98201.
347
Calculate the highest common factor of 2025 and 9225.
225
What is the highest common factor of 972 and 84?
12
Calculate the highest common factor of 1216 and 38.
38
Calculate the highest common divisor of 165 and 231.
33
What is the greatest common divisor of 51 and 12?
3
Calculate the greatest common divisor of 5 and 1595.
5
What is the greatest common divisor of 173 and 31?
1
What is the highest common divisor of 15455 and 55?
55
Calculate the greatest common divisor of 343 and 833.
49
Calculate the highest common factor of 57 and 237.
3
What is the highest common factor of 15834 and 580?
58
Calculate the highest common factor of 76 and 342.
38
Calculate the highest common divisor of 44 and 28